{"id":437,"date":"2025-02-26T17:48:16","date_gmt":"2025-02-26T16:48:16","guid":{"rendered":"https:\/\/isabellagreco.be\/?page_id=437"},"modified":"2025-03-13T16:41:50","modified_gmt":"2025-03-13T15:41:50","slug":"elementor-page-437","status":"publish","type":"page","link":"https:\/\/isabellagreco.be\/index.php\/elementor-page-437\/","title":{"rendered":"Qui-suis-je"},"content":{"rendered":"\t\t<div data-elementor-type=\"wp-page\" data-elementor-id=\"437\" class=\"elementor elementor-437\">\n\t\t\t\t<div class=\"elementor-element elementor-element-72a15f4 e-flex e-con-boxed e-con e-parent\" data-id=\"72a15f4\" data-element_type=\"container\" data-e-type=\"container\">\n\t\t\t\t\t<div class=\"e-con-inner\">\n\t\t\t\t\t<\/div>\n\t\t\t\t<\/div>\n\t\t<div class=\"elementor-element elementor-element-e41bf94 e-flex e-con-boxed e-con e-parent\" data-id=\"e41bf94\" data-element_type=\"container\" data-e-type=\"container\">\n\t\t\t\t\t<div class=\"e-con-inner\">\n\t\t<div class=\"elementor-element elementor-element-a672b3f e-con-full e-flex e-con e-child\" data-id=\"a672b3f\" data-element_type=\"container\" data-e-type=\"container\">\n\t\t\t\t<div class=\"elementor-element elementor-element-e9991ef elementor-widget elementor-widget-image\" data-id=\"e9991ef\" data-element_type=\"widget\" data-e-type=\"widget\" data-widget_type=\"image.default\">\n\t\t\t\t<div class=\"elementor-widget-container\">\n\t\t\t\t\t\t\t\t\t\t\t\t\t\t\t<img fetchpriority=\"high\" decoding=\"async\" width=\"6941\" height=\"4627\" src=\"https:\/\/isabellagreco.be\/wp-content\/uploads\/2025\/02\/DSC05305-Edit.png\" class=\"attachment-full size-full wp-image-382\" alt=\"\" srcset=\"https:\/\/isabellagreco.be\/wp-content\/uploads\/2025\/02\/DSC05305-Edit.png 6941w, https:\/\/isabellagreco.be\/wp-content\/uploads\/2025\/02\/DSC05305-Edit-300x200.png 300w, https:\/\/isabellagreco.be\/wp-content\/uploads\/2025\/02\/DSC05305-Edit-1024x683.png 1024w, https:\/\/isabellagreco.be\/wp-content\/uploads\/2025\/02\/DSC05305-Edit-768x512.png 768w, https:\/\/isabellagreco.be\/wp-content\/uploads\/2025\/02\/DSC05305-Edit-1536x1024.png 1536w, https:\/\/isabellagreco.be\/wp-content\/uploads\/2025\/02\/DSC05305-Edit-2048x1365.png 2048w\" sizes=\"(max-width: 6941px) 100vw, 6941px\" \/>\t\t\t\t\t\t\t\t\t\t\t\t\t\t\t<\/div>\n\t\t\t\t<\/div>\n\t\t\t\t<\/div>\n\t\t<div class=\"elementor-element elementor-element-c5720ab e-con-full e-flex e-con e-child\" data-id=\"c5720ab\" data-element_type=\"container\" data-e-type=\"container\">\n\t\t\t\t<div class=\"elementor-element elementor-element-9788c07 elementor-widget elementor-widget-text-editor\" data-id=\"9788c07\" data-element_type=\"widget\" data-e-type=\"widget\" data-widget_type=\"text-editor.default\">\n\t\t\t\t<div class=\"elementor-widget-container\">\n\t\t\t\t\t\t\t\t\t<h4 style=\"text-align: center;\"><b>Qui suis-je ?<\/b><\/h4><p style=\"text-align: center;\">On me voit souvent comme une femme forte, d\u00e9termin\u00e9e, qui a eu un parcours sans emb\u00fbche. Mais la r\u00e9alit\u00e9 est toute autre.<\/p><p style=\"text-align: center;\">Je viens d\u2019un quartier chaleureux et cosmopolite, un endroit o\u00f9 les diff\u00e9rences n\u2019\u00e9taient pas un obstacle mais une \u00e9vidence, une richesse. Grandir dans cet environnement m\u2019a forg\u00e9e, m\u2019a appris <b>la solidarit\u00e9<\/b> et m\u2019a donn\u00e9 cette conviction profonde que personne ne devrait \u00eatre laiss\u00e9 de c\u00f4t\u00e9. L\u2019exclusion, je ne la cautionne pas et surtout, je ne la comprends pas, parce que j\u2019ai grandi dans un monde o\u00f9 chacun\u00b7e avait sa place.<\/p><p style=\"text-align: center;\">Quand j\u2019ai quitt\u00e9 mon foyer pour aller \u00e0 l\u2019universit\u00e9, c\u2019\u00e9tait un bouleversement. J\u2019\u00e9tais une des premi\u00e8res \u00e0 oser ce pas vers l\u2019inconnu. Je n\u2019avais pas le droit \u00e0 l\u2019erreur. Derri\u00e8re moi, il y avait mes parents qui s\u2019\u00e9taient sacrifi\u00e9s, mes proches qui croyaient en moi. Cette responsabilit\u00e9 a nourri <b>ma d\u00e9termination<\/b>. R\u00e9ussir, ce n\u2019\u00e9tait pas juste une ambition personnelle, c\u2019\u00e9tait une promesse que je devais tenir.<\/p><p style=\"text-align: center;\">Avant d\u2019entrer en politique, j\u2019ai connu la r\u00e9alit\u00e9 du travail de terrain. \u00c0 mes saisons, je nettoyais dans un home. Cette exp\u00e9rience, comme tant d\u2019autres, m\u2019a appris l\u2019importance de chaque m\u00e9tier, de chaque effort.<\/p><p style=\"text-align: center;\">Puis, petit \u00e0 petit, je me suis engag\u00e9e. D\u2019abord comme collaboratrice, ensuite\u00a0 comme cheffe de cabinet et enfin en tant que conseill\u00e8re provinciale. J\u2019ai appris, \u00e9cout\u00e9, d\u00e9fendu des causes qui me tenaient \u00e0 c\u0153ur.\u00a0<\/p><p style=\"text-align: center;\">Aujourd\u2019hui, en tant que D\u00e9put\u00e9e au Parlement wallon et \u00e0 la F\u00e9d\u00e9ration Wallonie-Bruxelles et Cheffe de groupe PS au conseil communal de Charleroi, je poursuis ce combat avec la m\u00eame passion.<\/p><p style=\"text-align: center;\">Mon engagement, il est simple : \u00eatre aux c\u00f4t\u00e9s de celles et ceux qui ont besoin d\u2019une voix, d\u2019un soutien, d\u2019une explication sur un courrier compliqu\u00e9, d\u2019une main tendue dans un moment difficile. Parce que si je suis ici aujourd\u2019hui, c\u2019est gr\u00e2ce \u00e0 toutes ces personnes qui ont cru en moi. <b>Et \u00e0 mon tour, je veux \u00eatre l\u00e0 pour elles.<\/b><\/p>\t\t\t\t\t\t\t\t<\/div>\n\t\t\t\t<\/div>\n\t\t\t\t<\/div>\n\t\t<div class=\"elementor-element elementor-element-4726c26 e-con-full e-flex e-con e-child\" data-id=\"4726c26\" data-element_type=\"container\" data-e-type=\"container\">\n\t\t\t\t<div class=\"elementor-element elementor-element-7819f74 elementor-widget elementor-widget-image\" data-id=\"7819f74\" data-element_type=\"widget\" data-e-type=\"widget\" data-widget_type=\"image.default\">\n\t\t\t\t<div class=\"elementor-widget-container\">\n\t\t\t\t\t\t\t\t\t\t\t\t\t\t\t<img decoding=\"async\" width=\"7008\" height=\"4672\" src=\"https:\/\/isabellagreco.be\/wp-content\/uploads\/2025\/02\/unnamed-file.png\" class=\"attachment-full size-full wp-image-380\" alt=\"\" srcset=\"https:\/\/isabellagreco.be\/wp-content\/uploads\/2025\/02\/unnamed-file.png 7008w, https:\/\/isabellagreco.be\/wp-content\/uploads\/2025\/02\/unnamed-file-300x200.png 300w, https:\/\/isabellagreco.be\/wp-content\/uploads\/2025\/02\/unnamed-file-1024x683.png 1024w, https:\/\/isabellagreco.be\/wp-content\/uploads\/2025\/02\/unnamed-file-768x512.png 768w, https:\/\/isabellagreco.be\/wp-content\/uploads\/2025\/02\/unnamed-file-1536x1024.png 1536w, https:\/\/isabellagreco.be\/wp-content\/uploads\/2025\/02\/unnamed-file-2048x1365.png 2048w\" sizes=\"(max-width: 7008px) 100vw, 7008px\" \/>\t\t\t\t\t\t\t\t\t\t\t\t\t\t\t<\/div>\n\t\t\t\t<\/div>\n\t\t\t\t<\/div>\n\t\t\t\t\t<\/div>\n\t\t\t\t<\/div>\n\t\t\t\t<\/div>\n\t\t","protected":false},"excerpt":{"rendered":"<p>Qui suis-je ? On me voit souvent comme une femme forte, d\u00e9termin\u00e9e, qui a eu un parcours sans emb\u00fbche. Mais [&hellip;]<\/p>\n","protected":false},"author":1,"featured_media":383,"parent":0,"menu_order":0,"comment_status":"closed","ping_status":"closed","template":"","meta":{"_uag_custom_page_level_css":"","site-sidebar-layout":"no-sidebar","site-content-layout":"","ast-site-content-layout":"full-width-container","site-content-style":"default","site-sidebar-style":"default","ast-global-header-display":"","ast-banner-title-visibility":"","ast-main-header-display":"","ast-hfb-above-header-display":"","ast-hfb-below-header-display":"","ast-hfb-mobile-header-display":"","site-post-title":"disabled","ast-breadcrumbs-content":"","ast-featured-img":"disabled","footer-sml-layout":"","theme-transparent-header-meta":"","adv-header-id-meta":"","stick-header-meta":"","header-above-stick-meta":"","header-main-stick-meta":"","header-below-stick-meta":"","astra-migrate-meta-layouts":"default","ast-page-background-enabled":"default","ast-page-background-meta":{"desktop":{"background-color":"var(--ast-global-color-4)","background-image":"","background-repeat":"repeat","background-position":"center center","background-size":"auto","background-attachment":"scroll","background-type":"","background-media":"","overlay-type":"","overlay-color":"","overlay-opacity":"","overlay-gradient":""},"tablet":{"background-color":"","background-image":"","background-repeat":"repeat","background-position":"center center","background-size":"auto","background-attachment":"scroll","background-type":"","background-media":"","overlay-type":"","overlay-color":"","overlay-opacity":"","overlay-gradient":""},"mobile":{"background-color":"","background-image":"","background-repeat":"repeat","background-position":"center center","background-size":"auto","background-attachment":"scroll","background-type":"","background-media":"","overlay-type":"","overlay-color":"","overlay-opacity":"","overlay-gradient":""}},"ast-content-background-meta":{"desktop":{"background-color":"var(--ast-global-color-5)","background-image":"","background-repeat":"repeat","background-position":"center center","background-size":"auto","background-attachment":"scroll","background-type":"","background-media":"","overlay-type":"","overlay-color":"","overlay-opacity":"","overlay-gradient":""},"tablet":{"background-color":"var(--ast-global-color-5)","background-image":"","background-repeat":"repeat","background-position":"center center","background-size":"auto","background-attachment":"scroll","background-type":"","background-media":"","overlay-type":"","overlay-color":"","overlay-opacity":"","overlay-gradient":""},"mobile":{"background-color":"var(--ast-global-color-5)","background-image":"","background-repeat":"repeat","background-position":"center center","background-size":"auto","background-attachment":"scroll","background-type":"","background-media":"","overlay-type":"","overlay-color":"","overlay-opacity":"","overlay-gradient":""}},"footnotes":""},"class_list":["post-437","page","type-page","status-publish","has-post-thumbnail","hentry"],"uagb_featured_image_src":{"full":["https:\/\/isabellagreco.be\/wp-content\/uploads\/2025\/02\/DSC09778-Edit-scaled.jpg",2560,1707,false],"thumbnail":["https:\/\/isabellagreco.be\/wp-content\/uploads\/2025\/02\/DSC09778-Edit-150x150.jpg",150,150,true],"medium":["https:\/\/isabellagreco.be\/wp-content\/uploads\/2025\/02\/DSC09778-Edit-300x200.jpg",300,200,true],"medium_large":["https:\/\/isabellagreco.be\/wp-content\/uploads\/2025\/02\/DSC09778-Edit-768x512.jpg",768,512,true],"large":["https:\/\/isabellagreco.be\/wp-content\/uploads\/2025\/02\/DSC09778-Edit-1024x683.jpg",1024,683,true],"1536x1536":["https:\/\/isabellagreco.be\/wp-content\/uploads\/2025\/02\/DSC09778-Edit-1536x1024.jpg",1536,1024,true],"2048x2048":["https:\/\/isabellagreco.be\/wp-content\/uploads\/2025\/02\/DSC09778-Edit-2048x1365.jpg",2048,1365,true],"mailpoet_newsletter_max":["https:\/\/isabellagreco.be\/wp-content\/uploads\/2025\/02\/DSC09778-Edit-scaled.jpg",1320,880,false]},"uagb_author_info":{"display_name":"A.D.","author_link":"https:\/\/isabellagreco.be\/index.php\/author\/admin8852\/"},"uagb_comment_info":0,"uagb_excerpt":"Qui suis-je ? On me voit souvent comme une femme forte, d\u00e9termin\u00e9e, qui a eu un parcours sans emb\u00fbche. Mais [&hellip;]","_links":{"self":[{"href":"https:\/\/isabellagreco.be\/index.php\/wp-json\/wp\/v2\/pages\/437","targetHints":{"allow":["GET"]}}],"collection":[{"href":"https:\/\/isabellagreco.be\/index.php\/wp-json\/wp\/v2\/pages"}],"about":[{"href":"https:\/\/isabellagreco.be\/index.php\/wp-json\/wp\/v2\/types\/page"}],"author":[{"embeddable":true,"href":"https:\/\/isabellagreco.be\/index.php\/wp-json\/wp\/v2\/users\/1"}],"replies":[{"embeddable":true,"href":"https:\/\/isabellagreco.be\/index.php\/wp-json\/wp\/v2\/comments?post=437"}],"version-history":[{"count":34,"href":"https:\/\/isabellagreco.be\/index.php\/wp-json\/wp\/v2\/pages\/437\/revisions"}],"predecessor-version":[{"id":620,"href":"https:\/\/isabellagreco.be\/index.php\/wp-json\/wp\/v2\/pages\/437\/revisions\/620"}],"wp:featuredmedia":[{"embeddable":true,"href":"https:\/\/isabellagreco.be\/index.php\/wp-json\/wp\/v2\/media\/383"}],"wp:attachment":[{"href":"https:\/\/isabellagreco.be\/index.php\/wp-json\/wp\/v2\/media?parent=437"}],"curies":[{"name":"wp","href":"https:\/\/api.w.org\/{rel}","templated":true}]}}